the second derivative of t(w). What is h(-5)?
0
Let w(c) = 147*c**3 - 221*c**3 + 75*c**3 - 16*c + 5*c**2 - 12. What is w(-7)?
2
Let j(i) = 11*i**2 - 10*i + 2. Let y(d) = 5*d**2 - 5*d + 1. Let q = 33 - 31. Let o be (3/q)/((-21)/(-56)). Let w(f) = o*j(f) - 9*y(f). Give w(5).
-1
Let r(w) = -w**3 - 4*w**2 - 2*w + 1. Suppose 4 = -7*a + 25. Suppose 14*c - a = 15*c. What is r(c)?
-2
Let n(c) = -2*c**2 + 31*c + 18. Let l be n(16). Let j(b) = -2 + 2*b**2 - 4*b + 8*b - 3*b**l - 3*b. Determine j(2).
-4
Let r(x) be the second derivative of -x**3/3 - 13*x**2 + 6*x. Suppose l = 4*k + 82 - 122, 0 = -4*l + 5*k - 94. Calculate r(l).
6
Let k(t) = -t**3 + 3*t + 3. Let p(f) = -20*f - 11 + 3 - 2 + 23*f. Let j be p(5). Suppose -j*c - 73 + 63 = 0. Give k(c).
5
Let c(a) be the second derivative of -a**4/3 + 19*a**3/6 - 9*a**2 + 2*a + 1206. Determine c(8).
-122
Let i(k) = 48*k - 27*k - 16*k - 18*k + 134. Determine i(9).
17
Let c(a) = -337*a**3 + 339*a**3 - 27*a - 2 + 26*a**2 + 27*a. Give c(-13).
-2
Let l(h) = h. Suppose -2*q - 5*a = -2*a - 25, 3*q - 3*a = 0. Let f be (0 + 0)*(q/2 - 2). What is l(f)?
0
Let v be (45/(-10) + 3)/((-2)/4). Let p(n) = 36*n**2 - 32*n**2 + 0*n**v + 3*n**3 + 5 - 4*n**3. Let y(c) = c - 1. Let l be y(5). Give p(l).
5
Suppose 3*x + 0 = 75. Let d be (2 - (-26)/(-3))*(-120)/x. Suppose 0 = -4*s - 4*y - d, 0 = s + y + 2*y + 12. Let a(l) = -5*l - 9. Determine a(s).
21
Let l(k) = -k**2 - 18*k - 50. Let q be l(-14). Let h be q/27 - (-99)/(-81). Let j(i) = -2*i + 1 - 17*i**2 + 3*i + 6*i**2. What is j(h)?
-11
Let t(g) = g**3 - 13*g**2 + 9*g + 22. Suppose 0 = 4*r - 4*m - 48, -12*m + 10*m + 36 = 3*r. Calculate t(r).
-14
Let l(z) = -389*z**3 + 12 + 203*z**3 + 187*z**3 + 3*z**2 + 2*z**2. Give l(-6).
-24
Let p(d) be the third derivative of -d**5/30 + d**4/6 - 2*d**3/3 - 2*d**2. Let y be (-1 - (11 + (-80)/(-16))) + 19. Calculate p(y).
-4
Let o(c) = -c**2 + 11*c + 3. Let r = 83 + -75. Let b be (3/(-24)*22)/((-2)/r). Determine o(b).
3
Let a = -30 - -26. Let f be 38/(-285) - a/30. Suppose 11*v - 8*v + 15 = f. Let x(u) = -u**2 - 4*u - 3. What is x(v)?
-8
Let z be ((-3)/6)/(18/(-288)). Let j(p) = p**2 - p - 69. What is j(z)?
-13
Suppose 4*c - 80 = 12. Suppose 19 = 7*i - c. Let k(a) = -i*a**2 - 1 + 2*a - a**3 + 0*a + 2 + 5*a. Calculate k(-7).
1
Let c(k) = -67*k + 2. Let j(o) = -135*o + 21. Let u(a) = 2*c(a) - j(a). What is u(12)?
-5
Let d(w) be the third derivative of 7*w**4/24 - 8*w**3 + 5*w**2. Let b be d(7). Let j(o) = 24*o + 22*o - 40*o + b. Give j(1).
7
Let q(k) = k**2 - 3*k - 5. Let b = 185 - 191. Let x be (-4)/24 - (0 - (-25)/b). What is q(x)?
-1
Let b be 0/(-11)*(-1)/(-2). Suppose b = z - 2*z - 5. Let j(o) = 7*o + 33. Let u be j(z). Let p(f) = -f - 1. Calculate p(u).
1
Let d(n) = -2*n**3 + 19*n**2 + 8*n + 25. Let g be d(10). Let p(y) = 5*y**2 + y**2 + 26*y - 4 - y**3 - 2 + g*y**2 + 0*y**3. Determine p(13).
-6
Let f(k) = -8*k + 208. Let u(p) = 8*p - 227. Let t(z) = -4*f(z) - 3*u(z). Calculate t(19).
1
Let g be -2 + (-24)/(-10)*60/24. Suppose -33 = g*z - 13, -100 = -5*s - 3*z. Suppose -5*y + s = -4*b, 5*b + 31 = b - 3*y. Let o(n) = n + 3. Give o(b).
-4
Let l(y) = 8*y + 2. Let q be -8*65/(-104) - 5. What is l(q)?
2
Let d(k) be the third derivative of 5*k**4/8 + 809*k**3/6 - 4351*k**2. Determine d(-54).
-1
Let t(x) be the second derivative of -5/8*x**4 + 0 - 17/2*x**2 + 20*x - 1/6*x**3. Let a(r) be the first derivative of t(r). Give a(-1).
14
Let n(d) = 4*d + 45. Let h be 3 + (-18)/(3*12/24). Give n(h).
9
Let f(x) be the second derivative of 0 + 7/2*x**2 - 1/3*x**3 + 70*x. Give f(6).
-5
Let k(o) = o**2 + 2*o + 1. Let z(q) = -2*q**2 - 4*q - 4. Let n be z(-4). Let w be 2/4 - (-130)/n. Let g be w*-2*5/(-15). Determine k(g).
9
Let l(m) = m. Let y(a) = a**3 - 18*a**2 + 53*a - 633. Let d be y(17). Determine l(d).
-21
Let r(f) = -145*f**2 + 67*f + 275. Let t(y) = -112*y**2 + 52*y + 214. Let v(k) = -17*r(k) + 22*t(k). Calculate v(-6).
39
Suppose -7*c + 13*m = 17*m - 62, 50 = 5*c + 4*m. Let b(h) = h**2 - 7*h + 1. What is b(c)?
-5
Let d(o) = 27 + 0*o**2 + 26 - 5*o**2 - 55 + 3*o**2. What is d(2)?
-10
Let w(i) = -i**3 + 10*i**2 - 7*i + 13. Let z(a) = -a**2 - 17*a - 57. Let j be z(-6). Give w(j).
31
Let k = -3 - -11. Let t = 842 - 808. Let a(w) = t + 41 + 37 + 37 - w - 144. What is a(k)?
-3
Let r = -1780 + 1781. Let t(d) = -2*d**3 - d**2 - 4*d + 5. Calculate t(r).
-2
Let q(k) be the first derivative of 1/3*k**3 + 73 - 4*k - 3/2*k**2. Give q(4).
0
Let x(a) = -9*a**2 - 2*a + 2. Let l be (-8155)/40 - (-7)/(-56). Let c = l + 205. Determine x(c).
-9
Let n(d) = 17*d + 314. Suppose -192*y - 1678 = 1778. What is n(y)?
8
Suppose -5*t - 3*h + 1 + 24 = 0, -3*t = 2*h - 16. Let g(s) = -3*s**t + 7*s - 107 + 46 + 53 + 2*s**2. Give g(8).
-16
Let p be (-2*3)/(-4 - -3). Suppose -p*a + 5*a = -3. Let s(c) = -4*c**2 + 2*c + 4 + 3*c**3 + 11*c**3 - 13*c**3. Calculate s(a).
1
Suppose -3*g - 4*i - 71 = 2*g, 0 = -i - 4. Let t(h) = 31*h**3 + 12*h**2 + 13*h + 14. Let n(x) = -3*x**3. Let k(r) = -10*n(r) - t(r). Determine k(g).
8
Let x(z) be the first derivative of 3/2*z**2 - 5/3*z**3 + 1/4*z**4 + 0*z - 65. Determine x(5).
15
Let p(d) = -9*d**2 - 5*d + 4. Let o(v) = -4*v**2 - 3*v + 2. Let t(a) = 5*a + 147. Let h be t(-28). Let k(c) = h*o(c) - 3*p(c). Give k(-9).
-25
Let i(q) = 3*q - 39. Suppose 0 = 5*t + 3*p + 32, 32*t = 36*t + 6*p + 4. Determine i(t).
-69
Suppose 634*b - 24 = 637*b + 2*k, 5*k + 30 = 0. Let y(h) = 4*h**2 + 4*h + 5. Give y(b).
53
Suppose -4*v = 8, -2*v = -3*p + 3*v - 2. Let u be p/(-1) + (80/(-8) - -13). Let a(r) = 2*r + 3. Let d(n) = -n - 2. Let b(h) = 2*a(h) + 3*d(h). What is b(u)?
7
Suppose -3*d + 136 = 139. Let t(p) = 7*p - 9. Let q(i) = i - 2. Let h(g) = d*t(g) + 4*q(g). Determine h(0).
1
Let b(f) = -f**2 - 5. Let v(l) = -6*l**2 + 12*l + 64. Let j(o) = -5*b(o) + v(o). Calculate j(17).
4
Let y(z) = z**3 + z**2 - z + 1. Let p(i) = 6*i**3 + 4*i**2 - 3*i + 5. Let j(k) = -p(k) + 4*y(k). Let q = -2559 - -2558. What is j(q)?
2
Let h(g) be the third derivative of g**6/120 - g**5/15 + g**4/12 + g**3/3 - 2*g**2. Let x(v) = 11*v + 88. Let l be x(-25). Let n = l - -190. Determine h(n).
-1
Suppose -2*q + 20 = -4*w, 4*q + q = 3*w + 29. Let n(o) = 4*o - 20. Let j(g) = 11 + 5*g + 9*g + 8*g - 24*g. Let b(l) = 11*j(l) + 6*n(l). Give b(w).
-5
Let y(o) = -o**2 - 11. Let a(m) be the first derivative of -m**2 + 116. Let b(g) = 6*a(g) - y(g). Give b(9).
-16
Let z be (-4)/6 + (-17)/(-3). Let l(j) = -343 - 2*j - 370 + 720. Calculate l(z).
-3
Let f(q) = -36*q + 34*q - 15*q**2 + 1 + 5*q**2 + 6*q**2 + 0. What is f(1)?
-5
Let a = -215 + 206. Let p(i) be the second derivative of i**3/6 + 9*i**2 + 32*i. Determine p(a).
9
Let f = 15493 + -15513. Let b(q) = -37*q - 747. Calculate b(f).
-7
Let k be (1 + 2 + -2)/((-3)/1047). Let c = k + 346. Let b(i) = i + 6. Determine b(c).
3
Let k(a) = a**3 - 3*a**2 + 3*a. Let f(v) = -6*v + 2*v**2 + 12*v**2 + 2 + 4*v**2. Let r be f(2). Let d = r - 60. Determine k(d).
2
Let w(n) be the first derivative of -1/2*n**2 + n + 43 + 2/3*n**3 + 1/2*n**4. Suppose 3*p + 5 + 1 = 0. What is w(p)?
-5
Let b(m) = -m**3 - 3*m**2 - 4*m - 4. Suppose 4*q + 1969 = 4*f + 441, 5*f = 25. Let k = q + 374. What is b(k)?
8
Let m(v) = -21*v**2 + 39 - v**3 - 68*v + 38 + 68 - 142. Determine m(-17).
3
Let l be (-13 + 5)*(17 - 612/24). Let f(k) = k**2 - 63*k - 345. Give f(l).
-5
Let g(k) be the third derivative of -k**6/120 + k**5/60 + k**4/24 - 5*k**3/6 - 146*k**2 - 2*k - 4. Determine g(0).
-5
Let x(y) = 102*y**3 + 4*y**2 + 34*y + 19. Let w(q) = -21*q**3 - q**2 - 7*q - 4. Let k(u) = -19*w(u) - 4*x(u). Determine k(2).
-66
Let o(r) be the first derivative of -37 + 5*r + 9/2*r**2 + 1/3*r**3. Let u be 2/((12/16)/(-3)). Give o(u).
-3
Let z(u) be the first derivative of u**5/20 + 3*u**4/4 + 7*u**3/6 - u**2/2 - 5*u + 74. Let b(d) be the first derivative of z(d). Give b(-8).
7
Let a(k) = k**3 - 3*k**2 - 6*k + 3. Let c be a(4). Let r(o) = 2413*o - o**2 - 2416*o + 8 - 1. Calculate r(c).
-3
Suppose m = -0*m - 6. Suppose 0*b = -6*b + 36. Let o(j) = b + 8 - 8 + 2*j. Calculate o(m).
-6
Let t(f) = 531*f + 596. Let p(i) = -151*i - 199. Let g(j) = -7*p(j) - 2*t(j). What is g(41)?
-4
Let g(y) = -2*y**2 + 3*y + 3. Let o(p) = -p**2 - 5*p + 24. Suppose -4*c + 2*c = -5*u - 25, 4*u + 5*c = -53. Let f be o(u). Let b be 2*f/4 - 2. Gi